{"id":55,"date":"2021-03-15T18:44:22","date_gmt":"2021-03-15T17:44:22","guid":{"rendered":"https:\/\/blog.alicemarket.it\/?page_id=55"},"modified":"2021-03-15T19:31:55","modified_gmt":"2021-03-15T18:31:55","slug":"homepage","status":"publish","type":"page","link":"https:\/\/blog.alicemarket.it\/","title":{"rendered":"Homepage"},"content":{"rendered":"\t\t<div data-elementor-type=\"wp-page\" data-elementor-id=\"55\" class=\"elementor elementor-55\">\n\t\t\t\t\t\t\t\t\t<section class=\"elementor-section elementor-top-section elementor-element elementor-element-3a74f24 elementor-section-boxed elementor-section-height-default elementor-section-height-default\" data-id=\"3a74f24\" data-element_type=\"section\">\n\t\t\t\t\t\t<div class=\"elementor-container elementor-column-gap-default\">\n\t\t\t\t\t<div class=\"elementor-column elementor-col-100 elementor-top-column elementor-element elementor-element-8bd76bb\" data-id=\"8bd76bb\" data-element_type=\"column\">\n\t\t\t<div class=\"elementor-widget-wrap elementor-element-populated\">\n\t\t\t\t\t\t\t\t<div class=\"elementor-element elementor-element-f22a706 elementor-widget elementor-widget-htmega-postslider-addons\" data-id=\"f22a706\" data-element_type=\"widget\" data-settings=\"{&quot;slider_post_type&quot;:&quot;post&quot;}\" data-widget_type=\"htmega-postslider-addons.default\">\n\t\t\t\t<div class=\"elementor-widget-container\">\n\t\t\t            <div class=\"htmega-postslider-area htmega-postslider-style-1 -st-layout-4 htmega-carousel-activation htmega-arrow-1\" dir=\"ltr\" data-settings=\"{&quot;arrows&quot;:true,&quot;arrow_prev_txt&quot;:&quot;&lt;i aria-hidden=\\&quot;true\\&quot; class=\\&quot;fas fa-angle-left\\&quot;&gt;&lt;\\\/i&gt;&quot;,&quot;arrow_next_txt&quot;:&quot;&lt;i aria-hidden=\\&quot;true\\&quot; class=\\&quot;fas fa-angle-right\\&quot;&gt;&lt;\\\/i&gt;&quot;,&quot;dots&quot;:false,&quot;autoplay&quot;:false,&quot;autoplay_speed&quot;:3000,&quot;animation_speed&quot;:300,&quot;pause_on_hover&quot;:true,&quot;center_mode&quot;:false,&quot;center_padding&quot;:0,&quot;carousel_style_ck&quot;:1,&quot;display_columns&quot;:1,&quot;scroll_columns&quot;:1,&quot;tablet_width&quot;:750,&quot;tablet_display_columns&quot;:1,&quot;tablet_scroll_columns&quot;:1,&quot;mobile_width&quot;:480,&quot;mobile_display_columns&quot;:1,&quot;mobile_scroll_columns&quot;:1}\" style='display:none;'>\r\n\r\n                                    <div class=\"htmega-data-title htmega-single-post-slide htmega-postslider-layout-1 -st-layout-4\" data-title=\"Nduja &#8211; Alicemarket\" data-thumbnail=\"\" >\r\n\r\n                                                    <div class=\"thumb\">\r\n                                <a href=\"https:\/\/blog.alicemarket.it\/index.php\/2023\/03\/21\/nduja-alicemarket-it\/\"><img width=\"1024\" height=\"536\" src=\"https:\/\/blog.alicemarket.it\/wp-content\/uploads\/2023\/03\/nduja-calabrese-1024x536.jpg\" class=\"attachment-htmega_size_1170x536 size-htmega_size_1170x536 wp-post-image\" alt=\"\" decoding=\"async\" loading=\"lazy\" \/><\/a>\r\n                            <\/div>\r\n                                        <div class=\"content\">\r\n                <div class=\"post-inner\">\r\n                                            <ul class=\"post-category\">\r\n                                                                    <li><a href=\"https:\/\/blog.alicemarket.it\/index.php\/category\/senza-categoria\/\" class=\"category senza-categoria\">Senza categoria<\/a><\/li>\r\n                                                                <\/ul>\r\n                                                                <h2><a href=\"https:\/\/blog.alicemarket.it\/index.php\/2023\/03\/21\/nduja-alicemarket-it\/\">Nduja &#8211; Alicemarket<\/a><\/h2>\r\n                                        <p>La nduja \u00e8 un prodotto tipico dal gusto intenso, fatto con carne di maiale macinata finemente, peperoncino, sale e spezie.<\/p>                        <div class=\"post-btn\">\r\n                            <a class=\"readmore-btn\" href=\"https:\/\/blog.alicemarket.it\/index.php\/2023\/03\/21\/nduja-alicemarket-it\/\">Leggi l'articolo<\/a>\r\n                        <\/div>\r\n                                    <\/div>\r\n            <\/div>\r\n                                \r\n                    <\/div>\r\n\r\n                                    <div class=\"htmega-data-title htmega-single-post-slide htmega-postslider-layout-1 -st-layout-4\" data-title=\"Formaggi Trentingrana\" data-thumbnail=\"\" >\r\n\r\n                                                    <div class=\"thumb\">\r\n                                <a href=\"https:\/\/blog.alicemarket.it\/index.php\/2023\/03\/17\/formaggi-trentingrana\/\"><img width=\"1080\" height=\"536\" src=\"https:\/\/blog.alicemarket.it\/wp-content\/uploads\/2023\/03\/Trentingrana-DOP-2-1080x536.png\" class=\"attachment-htmega_size_1170x536 size-htmega_size_1170x536 wp-post-image\" alt=\"\" decoding=\"async\" loading=\"lazy\" \/><\/a>\r\n                            <\/div>\r\n                                        <div class=\"content\">\r\n                <div class=\"post-inner\">\r\n                                            <ul class=\"post-category\">\r\n                                                                    <li><a href=\"https:\/\/blog.alicemarket.it\/index.php\/category\/senza-categoria\/\" class=\"category senza-categoria\">Senza categoria<\/a><\/li>\r\n                                                                <\/ul>\r\n                                                                <h2><a href=\"https:\/\/blog.alicemarket.it\/index.php\/2023\/03\/17\/formaggi-trentingrana\/\">Formaggi Trentingrana<\/a><\/h2>\r\n                                        <p>Il Trentingrana \u00e8 un formaggio a pasta dura prodotto nella regione del Trentino Alto Adige, situata nel nord dell'Italia. Questo<\/p>                        <div class=\"post-btn\">\r\n                            <a class=\"readmore-btn\" href=\"https:\/\/blog.alicemarket.it\/index.php\/2023\/03\/17\/formaggi-trentingrana\/\">Leggi l'articolo<\/a>\r\n                        <\/div>\r\n                                    <\/div>\r\n            <\/div>\r\n                                \r\n                    <\/div>\r\n\r\n                                    <div class=\"htmega-data-title htmega-single-post-slide htmega-postslider-layout-1 -st-layout-4\" data-title=\"20 % OFF\" data-thumbnail=\"\" >\r\n\r\n                                                    <div class=\"thumb\">\r\n                                <a href=\"https:\/\/blog.alicemarket.it\/index.php\/2023\/03\/03\/20-off\/\"><img width=\"1170\" height=\"536\" src=\"https:\/\/blog.alicemarket.it\/wp-content\/uploads\/2023\/03\/download-2-1170x536.png\" class=\"attachment-htmega_size_1170x536 size-htmega_size_1170x536 wp-post-image\" alt=\"\" decoding=\"async\" loading=\"lazy\" \/><\/a>\r\n                            <\/div>\r\n                                        <div class=\"content\">\r\n                <div class=\"post-inner\">\r\n                                            <ul class=\"post-category\">\r\n                                                                    <li><a href=\"https:\/\/blog.alicemarket.it\/index.php\/category\/senza-categoria\/\" class=\"category senza-categoria\">Senza categoria<\/a><\/li>\r\n                                                                <\/ul>\r\n                                                                <h2><a href=\"https:\/\/blog.alicemarket.it\/index.php\/2023\/03\/03\/20-off\/\">20 % OFF<\/a><\/h2>\r\n                                        <p>Oggi voglio parlarvi della fantastica promo del 20% di sconto su tutti i prodotti sul sito di Alicemarket.it. Questa promozione<\/p>                        <div class=\"post-btn\">\r\n                            <a class=\"readmore-btn\" href=\"https:\/\/blog.alicemarket.it\/index.php\/2023\/03\/03\/20-off\/\">Leggi l'articolo<\/a>\r\n                        <\/div>\r\n                                    <\/div>\r\n            <\/div>\r\n                                \r\n                    <\/div>\r\n\r\n                                    <div class=\"htmega-data-title htmega-single-post-slide htmega-postslider-layout-1 -st-layout-4\" data-title=\"Alicemarket: Spesa Online comomoda\" data-thumbnail=\"\" >\r\n\r\n                                                    <div class=\"thumb\">\r\n                                <a href=\"https:\/\/blog.alicemarket.it\/index.php\/2023\/02\/24\/alicemarket-spesa-online-comomoda\/\"><img width=\"1170\" height=\"536\" src=\"https:\/\/blog.alicemarket.it\/wp-content\/uploads\/2023\/02\/download-1170x536.png\" class=\"attachment-htmega_size_1170x536 size-htmega_size_1170x536 wp-post-image\" alt=\"La qualit\u00e0 e l&#039;efficienza di fare la spesa da casa\" decoding=\"async\" loading=\"lazy\" \/><\/a>\r\n                            <\/div>\r\n                                        <div class=\"content\">\r\n                <div class=\"post-inner\">\r\n                                            <ul class=\"post-category\">\r\n                                                                    <li><a href=\"https:\/\/blog.alicemarket.it\/index.php\/category\/senza-categoria\/\" class=\"category senza-categoria\">Senza categoria<\/a><\/li>\r\n                                                                <\/ul>\r\n                                                                <h2><a href=\"https:\/\/blog.alicemarket.it\/index.php\/2023\/02\/24\/alicemarket-spesa-online-comomoda\/\">Alicemarket: Spesa Online comomoda<\/a><\/h2>\r\n                                        <p>Benvenuti nel mondo di Alicemarket, dove la tua spesa quotidiana diventa un'esperienza facile, veloce e confortevole. Grazie alla tecnologia moderna,<\/p>                        <div class=\"post-btn\">\r\n                            <a class=\"readmore-btn\" href=\"https:\/\/blog.alicemarket.it\/index.php\/2023\/02\/24\/alicemarket-spesa-online-comomoda\/\">Leggi l'articolo<\/a>\r\n                        <\/div>\r\n                                    <\/div>\r\n            <\/div>\r\n                                \r\n                    <\/div>\r\n\r\n                                    <div class=\"htmega-data-title htmega-single-post-slide htmega-postslider-layout-1 -st-layout-4\" data-title=\"Formaggio Romano &#038; prosciutto di Parma\" data-thumbnail=\"\" >\r\n\r\n                                                    <div class=\"thumb\">\r\n                                <a href=\"https:\/\/blog.alicemarket.it\/index.php\/2023\/02\/17\/formaggio-romano-prosciutto-di-parma\/\"><img width=\"1170\" height=\"536\" src=\"https:\/\/blog.alicemarket.it\/wp-content\/uploads\/2023\/02\/parma-2-1170x536.jpg\" class=\"attachment-htmega_size_1170x536 size-htmega_size_1170x536 wp-post-image\" alt=\"\" decoding=\"async\" loading=\"lazy\" \/><\/a>\r\n                            <\/div>\r\n                                        <div class=\"content\">\r\n                <div class=\"post-inner\">\r\n                                            <ul class=\"post-category\">\r\n                                                                    <li><a href=\"https:\/\/blog.alicemarket.it\/index.php\/category\/senza-categoria\/\" class=\"category senza-categoria\">Senza categoria<\/a><\/li>\r\n                                                                <\/ul>\r\n                                                                <h2><a href=\"https:\/\/blog.alicemarket.it\/index.php\/2023\/02\/17\/formaggio-romano-prosciutto-di-parma\/\">Formaggio Romano &#038; prosciutto di<\/a><\/h2>\r\n                                        <p>Il Pecorino Romano e il Prosciutto di Parma sono due prodotti italiani di alta qualit\u00e0 che non possono mancare sulla<\/p>                        <div class=\"post-btn\">\r\n                            <a class=\"readmore-btn\" href=\"https:\/\/blog.alicemarket.it\/index.php\/2023\/02\/17\/formaggio-romano-prosciutto-di-parma\/\">Leggi l'articolo<\/a>\r\n                        <\/div>\r\n                                    <\/div>\r\n            <\/div>\r\n                                \r\n                    <\/div>\r\n\r\n                \r\n            <\/div>\r\n        \t\t<\/div>\n\t\t\t\t<\/div>\n\t\t\t\t\t<\/div>\n\t\t<\/div>\n\t\t\t\t\t\t\t<\/div>\n\t\t<\/section>\n\t\t\t\t<section class=\"elementor-section elementor-top-section elementor-element elementor-element-6a8d594 elementor-section-boxed elementor-section-height-default elementor-section-height-default\" data-id=\"6a8d594\" data-element_type=\"section\">\n\t\t\t\t\t\t<div class=\"elementor-container elementor-column-gap-default\">\n\t\t\t\t\t<div class=\"elementor-column elementor-col-100 elementor-top-column elementor-element elementor-element-25432f0\" data-id=\"25432f0\" data-element_type=\"column\">\n\t\t\t<div class=\"elementor-widget-wrap elementor-element-populated\">\n\t\t\t\t\t\t\t\t<div class=\"elementor-element elementor-element-079ea3b elementor-widget elementor-widget-htmega-postcarousel-addons\" data-id=\"079ea3b\" data-element_type=\"widget\" data-settings=\"{&quot;carousel_post_type&quot;:&quot;post&quot;}\" data-widget_type=\"htmega-postcarousel-addons.default\">\n\t\t\t\t<div class=\"elementor-widget-container\">\n\t\t\t            <div class=\"post-carousel-wrapper htmega-postcarousel-layout-2 htmega-verticle-center-arrow sid079ea3b\">\r\n                <div dir=\"ltr\" class=\"htmega-carousel-activation\" data-settings=\"{&quot;sectionid&quot;:&quot;sid079ea3b&quot;,&quot;arrows&quot;:true,&quot;arrow_prev_txt&quot;:&quot;&lt;i aria-hidden=\\&quot;true\\&quot; class=\\&quot;fas fa-angle-left\\&quot;&gt;&lt;\\\/i&gt;&quot;,&quot;arrow_next_txt&quot;:&quot;&lt;i aria-hidden=\\&quot;true\\&quot; class=\\&quot;fas fa-angle-right\\&quot;&gt;&lt;\\\/i&gt;&quot;,&quot;dots&quot;:false,&quot;autoplay&quot;:false,&quot;autoplay_speed&quot;:3000,&quot;animation_speed&quot;:300,&quot;slloop&quot;:true,&quot;pause_on_hover&quot;:true,&quot;center_mode&quot;:false,&quot;center_padding&quot;:0,&quot;equal_height_column&quot;:false,&quot;equal_height_column_class&quot;:&quot;.post-inner&quot;,&quot;display_columns&quot;:3,&quot;scroll_columns&quot;:1,&quot;tablet_width&quot;:750,&quot;tablet_display_columns&quot;:1,&quot;tablet_scroll_columns&quot;:1,&quot;mobile_width&quot;:480,&quot;mobile_display_columns&quot;:1,&quot;mobile_scroll_columns&quot;:1}\" style=\"display:none;\">\r\n\r\n                    \r\n                                                    <div class=\"htmega-single-post-slide htmega-postslider-layout-2\" >\r\n                                <div class=\"thumb\">\r\n                                    <a href=\"https:\/\/blog.alicemarket.it\/index.php\/2023\/03\/21\/nduja-alicemarket-it\/\"><img width=\"396\" height=\"360\" src=\"https:\/\/blog.alicemarket.it\/wp-content\/uploads\/2023\/03\/nduja-calabrese-396x360.jpg\" class=\"attachment-htmega_size_396x360 size-htmega_size_396x360 wp-post-image\" alt=\"\" decoding=\"async\" loading=\"lazy\" \/><\/a>\r\n                                <\/div>\r\n                                            <div class=\"content htmega-solid\">\r\n                <div class=\"post-inner\">\r\n                                                    <ul class=\"post-category\">\r\n                                                                                <li><a href=\"https:\/\/blog.alicemarket.it\/index.php\/category\/senza-categoria\/\" class=\"category senza-categoria\">Senza categoria<\/a><\/li>\r\n                                                                        <\/ul>\r\n                            \r\n                    \r\n                                            <h2><a href=\"https:\/\/blog.alicemarket.it\/index.php\/2023\/03\/21\/nduja-alicemarket-it\/\">Nduja &#8211; Alicemarket<\/a><\/h2>\r\n                    \r\n                    \r\n                    <p>La nduja \u00e8 un prodotto tipico dal gusto intenso, fatto con carne di maiale macinata finemente, peperoncino, sale e<\/p>\r\n                    \r\n                                            <div class=\"post-btn\">\r\n                            <a class=\"readmore-btn\" href=\"https:\/\/blog.alicemarket.it\/index.php\/2023\/03\/21\/nduja-alicemarket-it\/\">Leggi l'articolo<\/a>\r\n                        <\/div>\r\n                    \r\n                <\/div>\r\n            <\/div>\r\n                                    <\/div>\r\n\r\n                        \r\n                        \r\n                                                    <div class=\"htmega-single-post-slide htmega-postslider-layout-2\" >\r\n                                <div class=\"thumb\">\r\n                                    <a href=\"https:\/\/blog.alicemarket.it\/index.php\/2023\/03\/17\/formaggi-trentingrana\/\"><img width=\"396\" height=\"360\" src=\"https:\/\/blog.alicemarket.it\/wp-content\/uploads\/2023\/03\/Trentingrana-DOP-2-396x360.png\" class=\"attachment-htmega_size_396x360 size-htmega_size_396x360 wp-post-image\" alt=\"\" decoding=\"async\" loading=\"lazy\" \/><\/a>\r\n                                <\/div>\r\n                                            <div class=\"content htmega-solid\">\r\n                <div class=\"post-inner\">\r\n                                                    <ul class=\"post-category\">\r\n                                                                                <li><a href=\"https:\/\/blog.alicemarket.it\/index.php\/category\/senza-categoria\/\" class=\"category senza-categoria\">Senza categoria<\/a><\/li>\r\n                                                                        <\/ul>\r\n                            \r\n                    \r\n                                            <h2><a href=\"https:\/\/blog.alicemarket.it\/index.php\/2023\/03\/17\/formaggi-trentingrana\/\">Formaggi Trentingrana<\/a><\/h2>\r\n                    \r\n                    \r\n                    <p>Il Trentingrana \u00e8 un formaggio a pasta dura prodotto nella regione del Trentino Alto Adige, situata nel nord dell'Italia.<\/p>\r\n                    \r\n                                            <div class=\"post-btn\">\r\n                            <a class=\"readmore-btn\" href=\"https:\/\/blog.alicemarket.it\/index.php\/2023\/03\/17\/formaggi-trentingrana\/\">Leggi l'articolo<\/a>\r\n                        <\/div>\r\n                    \r\n                <\/div>\r\n            <\/div>\r\n                                    <\/div>\r\n\r\n                        \r\n                        \r\n                                                    <div class=\"htmega-single-post-slide htmega-postslider-layout-2\" >\r\n                                <div class=\"thumb\">\r\n                                    <a href=\"https:\/\/blog.alicemarket.it\/index.php\/2023\/03\/03\/20-off\/\"><img width=\"396\" height=\"360\" src=\"https:\/\/blog.alicemarket.it\/wp-content\/uploads\/2023\/03\/download-2-396x360.png\" class=\"attachment-htmega_size_396x360 size-htmega_size_396x360 wp-post-image\" alt=\"\" decoding=\"async\" loading=\"lazy\" \/><\/a>\r\n                                <\/div>\r\n                                            <div class=\"content htmega-solid\">\r\n                <div class=\"post-inner\">\r\n                                                    <ul class=\"post-category\">\r\n                                                                                <li><a href=\"https:\/\/blog.alicemarket.it\/index.php\/category\/senza-categoria\/\" class=\"category senza-categoria\">Senza categoria<\/a><\/li>\r\n                                                                        <\/ul>\r\n                            \r\n                    \r\n                                            <h2><a href=\"https:\/\/blog.alicemarket.it\/index.php\/2023\/03\/03\/20-off\/\">20 % OFF<\/a><\/h2>\r\n                    \r\n                    \r\n                    <p>Oggi voglio parlarvi della fantastica promo del 20% di sconto su tutti i prodotti sul sito di Alicemarket.it. Questa<\/p>\r\n                    \r\n                                            <div class=\"post-btn\">\r\n                            <a class=\"readmore-btn\" href=\"https:\/\/blog.alicemarket.it\/index.php\/2023\/03\/03\/20-off\/\">Leggi l'articolo<\/a>\r\n                        <\/div>\r\n                    \r\n                <\/div>\r\n            <\/div>\r\n                                    <\/div>\r\n\r\n                        \r\n                        \r\n                                                    <div class=\"htmega-single-post-slide htmega-postslider-layout-2\" >\r\n                                <div class=\"thumb\">\r\n                                    <a href=\"https:\/\/blog.alicemarket.it\/index.php\/2023\/02\/24\/alicemarket-spesa-online-comomoda\/\"><img width=\"396\" height=\"360\" src=\"https:\/\/blog.alicemarket.it\/wp-content\/uploads\/2023\/02\/download-396x360.png\" class=\"attachment-htmega_size_396x360 size-htmega_size_396x360 wp-post-image\" alt=\"La qualit\u00e0 e l&#039;efficienza di fare la spesa da casa\" decoding=\"async\" loading=\"lazy\" \/><\/a>\r\n                                <\/div>\r\n                                            <div class=\"content htmega-solid\">\r\n                <div class=\"post-inner\">\r\n                                                    <ul class=\"post-category\">\r\n                                                                                <li><a href=\"https:\/\/blog.alicemarket.it\/index.php\/category\/senza-categoria\/\" class=\"category senza-categoria\">Senza categoria<\/a><\/li>\r\n                                                                        <\/ul>\r\n                            \r\n                    \r\n                                            <h2><a href=\"https:\/\/blog.alicemarket.it\/index.php\/2023\/02\/24\/alicemarket-spesa-online-comomoda\/\">Alicemarket: Spesa Online comomoda<\/a><\/h2>\r\n                    \r\n                    \r\n                    <p>Benvenuti nel mondo di Alicemarket, dove la tua spesa quotidiana diventa un'esperienza facile, veloce e confortevole. Grazie alla tecnologia<\/p>\r\n                    \r\n                                            <div class=\"post-btn\">\r\n                            <a class=\"readmore-btn\" href=\"https:\/\/blog.alicemarket.it\/index.php\/2023\/02\/24\/alicemarket-spesa-online-comomoda\/\">Leggi l'articolo<\/a>\r\n                        <\/div>\r\n                    \r\n                <\/div>\r\n            <\/div>\r\n                                    <\/div>\r\n\r\n                        \r\n                        \r\n                                                    <div class=\"htmega-single-post-slide htmega-postslider-layout-2\" >\r\n                                <div class=\"thumb\">\r\n                                    <a href=\"https:\/\/blog.alicemarket.it\/index.php\/2023\/02\/17\/formaggio-romano-prosciutto-di-parma\/\"><img width=\"396\" height=\"360\" src=\"https:\/\/blog.alicemarket.it\/wp-content\/uploads\/2023\/02\/parma-2-396x360.jpg\" class=\"attachment-htmega_size_396x360 size-htmega_size_396x360 wp-post-image\" alt=\"\" decoding=\"async\" loading=\"lazy\" \/><\/a>\r\n                                <\/div>\r\n                                            <div class=\"content htmega-solid\">\r\n                <div class=\"post-inner\">\r\n                                                    <ul class=\"post-category\">\r\n                                                                                <li><a href=\"https:\/\/blog.alicemarket.it\/index.php\/category\/senza-categoria\/\" class=\"category senza-categoria\">Senza categoria<\/a><\/li>\r\n                                                                        <\/ul>\r\n                            \r\n                    \r\n                                            <h2><a href=\"https:\/\/blog.alicemarket.it\/index.php\/2023\/02\/17\/formaggio-romano-prosciutto-di-parma\/\">Formaggio Romano &#038; prosciutto di Parma<\/a><\/h2>\r\n                    \r\n                    \r\n                    <p>Il Pecorino Romano e il Prosciutto di Parma sono due prodotti italiani di alta qualit\u00e0 che non possono mancare<\/p>\r\n                    \r\n                                            <div class=\"post-btn\">\r\n                            <a class=\"readmore-btn\" href=\"https:\/\/blog.alicemarket.it\/index.php\/2023\/02\/17\/formaggio-romano-prosciutto-di-parma\/\">Leggi l'articolo<\/a>\r\n                        <\/div>\r\n                    \r\n                <\/div>\r\n            <\/div>\r\n                                    <\/div>\r\n\r\n                        \r\n                        \r\n                <\/div>\r\n            <\/div>\r\n            \r\n            \r\n\r\n        \t\t<\/div>\n\t\t\t\t<\/div>\n\t\t\t\t\t<\/div>\n\t\t<\/div>\n\t\t\t\t\t\t\t<\/div>\n\t\t<\/section>\n\t\t\t\t\t\t\t<\/div>\n\t\t","protected":false},"excerpt":{"rendered":"<p>Abruzzo I ceci di Navelli #madeinAbruzzo La coltivazione dei Ceci in Abruzzo risale all\u2019epoca medievale e a Navelli si segnala fin dal 1800 nelle variet\u00e0 bianche Leggi l&#039;articolo biologico Il biologico che non ti Su Alicemarket.it trovi prodotti biologici essenziali e di qualit\u00e0 per la tua spesa: dalle marche biologiche pi\u00f9 conosciute come N\u00e1tt\u00fara Leggi [&hellip;]<\/p>\n","protected":false},"author":1,"featured_media":0,"parent":0,"menu_order":0,"comment_status":"closed","ping_status":"closed","template":"elementor_header_footer","meta":[],"_links":{"self":[{"href":"https:\/\/blog.alicemarket.it\/index.php\/wp-json\/wp\/v2\/pages\/55"}],"collection":[{"href":"https:\/\/blog.alicemarket.it\/index.php\/wp-json\/wp\/v2\/pages"}],"about":[{"href":"https:\/\/blog.alicemarket.it\/index.php\/wp-json\/wp\/v2\/types\/page"}],"author":[{"embeddable":true,"href":"https:\/\/blog.alicemarket.it\/index.php\/wp-json\/wp\/v2\/users\/1"}],"replies":[{"embeddable":true,"href":"https:\/\/blog.alicemarket.it\/index.php\/wp-json\/wp\/v2\/comments?post=55"}],"version-history":[{"count":14,"href":"https:\/\/blog.alicemarket.it\/index.php\/wp-json\/wp\/v2\/pages\/55\/revisions"}],"predecessor-version":[{"id":89,"href":"https:\/\/blog.alicemarket.it\/index.php\/wp-json\/wp\/v2\/pages\/55\/revisions\/89"}],"wp:attachment":[{"href":"https:\/\/blog.alicemarket.it\/index.php\/wp-json\/wp\/v2\/media?parent=55"}],"curies":[{"name":"wp","href":"https:\/\/api.w.org\/{rel}","templated":true}]}}